 - s = -0. What is the greatest common divisor of 30 and d?
10
Let h = -81 - -480. Calculate the highest common factor of 171 and h.
57
Suppose 0 = -10*x + 16*x - 6. Let d(y) = 196*y**2 - 5*y + 7. Let f be d(x). What is the greatest common factor of 11 and f?
11
Suppose -n + 10 = 6. Suppose -10*z + n*z = -2322. Calculate the greatest common factor of 43 and z.
43
Suppose u - 362 = -5*q + 92, -u + 2*q + 440 = 0. Calculate the greatest common factor of 2516 and u.
148
Let k(a) be the second derivative of -2*a**3/3 + 45*a**2/2 + 28*a. Let x be k(-1). What is the greatest common factor of 2 and x?
1
Suppose 27350 = 97*a + 6301. Calculate the highest common factor of a and 775.
31
Suppose 4 = c - t, -2*t - 32 = 7*c - 12*c. Let s = -20 - -13. Let j be 20*s/(70/(-44)). What is the greatest common factor of j and c?
8
Let z be (974 - -1)/(6 + (-1305)/220). Suppose -25*a - 30*a + z = 0. Suppose 0 = s + 3*s - 80. Calculate the highest common divisor of s and a.
20
Suppose -3*c + 2 = -1. Let d(w) = -2*w**2 + 11*w + 25. Let k be d(0). What is the greatest common divisor of c and k?
1
Let v(r) be the third derivative of 25*r**4/4 - r**3/6 + 13*r**2. Let c be v(1). Let i = c + -23. What is the highest common divisor of 14 and i?
14
Let k be 105 - (13 + -10 - 2*1). Let a = k - 102. Calculate the highest common divisor of a and 10.
2
Suppose x + 0*x - 238 = 0. Let q = -76 + x. Calculate the highest common divisor of 18 and q.
18
Let y = -4651 + 5155. Calculate the highest common divisor of y and 49.
7
Suppose 0 = -16*v + 142290 - 1630 + 44364. Calculate the highest common factor of 490 and v.
98
Let z be (-7788)/(-110) + 2/(-1)*(-10)/(-25). What is the highest common factor of 2570 and z?
10
Suppose r - 2496 = -0*r. Suppose -2*n - 10*n + r = 0. What is the highest common divisor of 13 and n?
13
Suppose -b + 4*v + 4041 = 0, 3*v - 2804 = 2*b - 10856. What is the highest common divisor of b and 39?
39
Suppose 3475 = -0*h + 4*h - 3*d, 2*h - 1741 = 5*d. What is the highest common divisor of 2387 and h?
217
Suppose 0 = -8*p - 0*p - 3392. Let b = 430 + p. What is the highest common factor of b and 3?
3
Let y(q) = 10*q - 34. Let u = 407 + -397. Let r be y(u). Calculate the highest common divisor of 594 and r.
66
Let s(f) = 3*f + 14. Let o = -28 - -22. Let q be s(o). Let x(j) = j**3 + 6*j**2 - j - 8. Let c be x(q). What is the highest common factor of c and 14?
14
Let c(f) be the third derivative of 3*f**4/8 - 3*f**3/2 - 246*f**2. Let t be c(2). What is the highest common factor of 27 and t?
9
Let s(w) = -4*w + 53. Let g = -52 + 96. Suppose 3*t - g = -t + f, t = f + 14. Let m be s(t). Calculate the greatest common divisor of m and 143.
13
Let o = 329 + -325. Suppose 0 = -3*t - g - 3*g + 80, -o*t = g - 98. Calculate the greatest common factor of 32 and t.
8
Suppose 0 = 5*f - 4*b - 125 - 805, 5*f - 5*b = 925. Suppose -9*s - f = s. Let v = 26 - s. Calculate the highest common divisor of 15 and v.
15
Let n = -2469 + 3879. Calculate the greatest common factor of n and 30.
30
Let j(d) be the first derivative of d**3 - 10*d**2 + 72*d - 78. Let h be j(8). What is the greatest common divisor of h and 8?
8
Suppose 21580*j + 1050 = 21590*j. Calculate the highest common divisor of 336 and j.
21
Let g(r) = -140*r - 70. Let z be g(7). Let p be 34/12*2*z/(-50). What is the highest common factor of 28 and p?
7
Let s(t) = 30*t**2 + 155*t + 92. Let x be s(15). What is the highest common divisor of x and 356?
89
Let r be 2/10 - (-199)/5. Suppose -209*x - 264 = -2354. Calculate the greatest common divisor of x and r.
10
Let l be (6/1 - 5896/(-110)) + (-20)/(-50). What is the greatest common divisor of l and 9890?
10
Suppose q = -2*c - 0*c + 5, -3*q + 4*c = -5. Suppose 220 = l - 4*a, -q*l - 159 + 777 = 2*a. What is the greatest common factor of l and 104?
104
Let c = 5464 + -5200. What is the highest common factor of 616 and c?
88
Suppose -5*y + 17 = -r, 5*r - 1 - 4 = -5*y. Suppose 0 = -y*p, 3*s + 5*p = 7*p + 135. Calculate the greatest common divisor of 60 and s.
15
Let l = 126 - -54. Suppose -5578 - 126107 = -433*z + 50175. What is the greatest common divisor of z and l?
60
Suppose n - g - 762 = 0, 5*n - 3035 = -3*g + 759. Calculate the highest common divisor of 50 and n.
10
Let o = -9 + 10. Suppose -x = -2 - o. Suppose 47*k - 46*k - x = 0. What is the greatest common divisor of 27 and k?
3
Let m(j) = j**2 + 10*j - 20. Let t be m(-12). Suppose -2*f = 3*z - 208, -2*f - 152 = -t*z + 102. What is the greatest common factor of 44 and z?
22
Suppose -3*o + 2*m = -332, 2*o = -8*m + 4*m + 232. Let c = o + -77. Suppose 4*x - 157 - c = 0. Calculate the greatest common factor of x and 72.
24
Suppose -24*t - 47*t + 4624 = -3*t. Calculate the highest common divisor of t and 4267.
17
Let b be (-124)/(-10) - 4/10. Let f be (6/(-9)*6)/(2 - 3). Let m(c) = 35*c - 128. Let p be m(f). Calculate the greatest common factor of p and b.
12
Suppose -4*z + 19 = 3, 5*l + 4*z + 1179 = 0. Let p = l + 272. What is the highest common factor of p and 165?
33
Let p be (-19380)/266*((-140)/(-3))/(-5). Calculate the highest common divisor of p and 80.
40
Suppose 5*o - 70 = 5*m, -2*m = 2*o - 8 - 4. Suppose 100 = y + y. Suppose -y = -2*l - 3*l. Calculate the greatest common divisor of o and l.
10
Let k(r) = r + 12. Let g be k(-4). Suppose -v + 24 = v. Suppose v = p + 5*o, -3*p + 0*o + 2 = -2*o. Calculate the highest common divisor of g and p.
2
Let a be 42/(-9)*12/(-4). Suppose -11*v + a = -13*v. Let x be (v/(-2) + -3)*6. What is the highest common factor of x and 24?
3
Let o(q) = 44*q. Let b be o(1). Suppose -b*h = -39*h - 150. Calculate the highest common divisor of h and 150.
30
Let b(a) = -a**3 + 9*a**2 + 16*a - 56. Let t be b(10). Suppose 3*w + 5*s = 3503, t*w - w - 3548 = 4*s. What is the highest common divisor of w and 14?
14
Let l(a) = a**3 - 19*a**2 - 15*a - 104. Let g be l(20). Let v(h) = 29*h + 118. Let c be v(g). Calculate the highest common factor of 54 and c.
2
Suppose 5*v + 9 - 339 = 0. Calculate the greatest common factor of 1606 and v.
22
Let v = 36 - 5. Let t = -707 + 480. Let n = 382 + t. Calculate the greatest common factor of v and n.
31
Let j = 132 - 129. Suppose -j*o = 2*o - 400. Suppose -5*f = -0*f + 3*q - 615, 0 = 4*f - 4*q - 460. What is the greatest common factor of f and o?
40
Let t(b) = b**3 + 13*b**2 + 6*b - 16. Let z be t(-12). Suppose 20 = 9*n + 2. Let s = 9 - n. What is the greatest common factor of s and z?
7
Suppose -52*o - 3*r + 23 = -50*o, o + r - 12 = 0. What is the greatest common divisor of 91 and o?
13
Suppose -22*n - 2*n + 2851 = 43. Calculate the greatest common divisor of n and 4095.
117
Let k(j) = 2*j**3 + 51*j**2 - 47*j + 110. Let a be k(-25). Calculate the highest common divisor of 10 and a.
10
Let t = 18499 + -18490. Let k be -2 - (2 + -1)*-371. Calculate the greatest common factor of t and k.
9
Suppose 2*f + 2*n = 618 + 2012, -5*n = -f + 1279. What is the highest common divisor of f and 616?
77
Suppose -2*l - 8 = 2*l + 4*w, 0 = -l - 5*w - 22. Suppose -l*z - 15*z = -396. What is the greatest common divisor of 11 and z?
11
Suppose 0 = -5*g + i + 4702, -27*g + 4692 = -22*g + 4*i. Calculate the greatest common divisor of 3384 and g.
188
Let i be (-120)/(-15)*(26/(-312))/((-2)/57). What is the highest common factor of 9937 and i?
19
Let p be 85/40 + 2/(-16). Suppose 7*l - 27 - 1 = 0. Suppose 2*t + p*c = c + 112, -l*t + 218 = -c. Calculate the greatest common divisor of t and 11.
11
Let p(c) = -23*c**2 + 21*c - 166. Let r be p(9). Let j be (r/30)/(1/(-3)). Calculate the greatest common factor of 8 and j.
8
Let s(c) = 494*c - 1410. Let p be s(3). What is the greatest common factor of p and 472?
8
Let v = -20 + 18. Let l be 108 - (15/(-30))/(v/(-8)). Suppose -23*u - 44 = -24*u. Calculate the greatest common divisor of u and l.
22
Let x(n) = -n**3 - 42*n**2 + 6*n + 460. Let c be x(-44). Calculate the greatest common divisor of 4 and c.
4
Let u be (-4 + -3)*(-7)/(-14)*-12. Calculate the highest common factor of 5936 and u.
14
Let p(n) = -n**3 - n**2 + 13*n + 49. Let y be p(4). What is the greatest common divisor of 497 and y?
7
Let t = -3622 + 3625. What is the highest common factor of t and 1620?
3
Let i = -10800 + 18978. What is the highest common divisor of i and 846?
282
Supp